)?
5
Let a(m) = -1222*m - 1429. What is the tens digit of a(-6)?
0
Let a be (51 - -3) + 0 + 3 + -9. What is the thousands digit of -12*(3448/a)/((-4)/6)?
1
Suppose 20605 + 2828 = 73*j. What is the hundreds digit of j?
3
Let w(t) = 332*t**2 + 7*t + 7. Let n be -4 - ((-33)/22)/(1/2). What is the tens digit of w(n)?
3
Suppose 5198 = 5*i - 77*h + 76*h, -6 = 2*h. What is the tens digit of i?
3
Let c = 18 - 15. Suppose -5*v = -c*k - v + 20, 3*v = 12. What is the units digit of 3/(-6) + 447*2/k?
4
Let x(f) = 33*f**2 - 7*f - 24. Let r be x(-7). Suppose -16*u + r = -1398. What is the units digit of u?
0
Let p(n) = -43*n + 6. Let c(y) = -44*y + 5. Let w(b) = -4*c(b) + 3*p(b). What is the tens digit of w(5)?
3
What is the thousands digit of (15474/9)/((-50)/15 + (-4)/(-1))?
2
Suppose -3*y = -22*y - 99292 + 293909. What is the thousands digit of y?
0
Let s = 641 + -636. Suppose 2*y - 3*i = -y + 2376, 774 = y + s*i. What is the tens digit of y?
8
Let b = 13320 + -7926. What is the tens digit of b?
9
Suppose -v - 6 = v - 5*n, 3*v + 9 = 3*n. Let z be (1 + 1)/(v*4/(-3192)). Suppose -9*s + 305 = -z. What is the tens digit of s?
9
Let f be (-6 + 2)/(-2) + -1. Let i be 5 + -5 - 1/(f/(-28)). Let z = i + -26. What is the units digit of z?
2
Suppose r = -2*r - 6. Let s be (-4)/(-6)*(-3)/r*16. What is the units digit of 2/s + (-1461)/(-24)?
1
Suppose n + 3*v = 3, 2*n + 7*v = 3*v. Let o be (-31)/n - 2/12. Suppose 0 = -0*l + l + 5*x - 89, 0 = 3*l + o*x - 267. What is the tens digit of l?
8
Let b(k) = k**3 + k**2 - 10*k + 150. Let n be b(0). Suppose n*y = 165*y - 11745. What is the units digit of y?
3
Let m(q) = q**3 - 29*q**2 + 28*q + 19. Let a be m(28). Suppose -3464 + 1336 = -a*o. What is the hundreds digit of o?
1
Let j be 1*4 + (-10 - 4 - -11). What is the units digit of 25 + 1 + j - (-11 - -10)?
8
Let s(v) = -2*v + 2*v + 150 + 3 + 4*v. What is the units digit of s(-9)?
7
What is the thousands digit of ((-104)/156)/((-2)/21111)?
7
What is the tens digit of ((-129)/2)/(10 + (-58430)/5840)?
5
Suppose -35*o + 3*o = -485728. What is the thousands digit of o?
5
Let w(z) = 2379*z - 103. What is the ten thousands digit of w(8)?
1
Suppose 21*r = 22*r - 4. Let h be -6 + (6 - (r - 2)). What is the tens digit of -65*(48/20)/h?
7
What is the hundreds digit of 7149 - 144/(12 + -24)?
1
Let z(n) = -n**3 + 12*n**2 - 5*n - 14. Suppose 0 = 5*g - u + 51 + 66, 3*u = -2*g - 57. Let x = 34 + g. What is the tens digit of z(x)?
3
Suppose -4*x + 4*f + 20 = 0, -6 = -4*x - 3*f - 0*f. Let j(y) = 4*y**3 - y**2 - 5*y - 7. What is the tens digit of j(x)?
7
Suppose 41*u = 110*u + 101*u - 1492600. What is the thousands digit of u?
8
Let c(h) = -h**2 + 49*h + 399. What is the tens digit of c(52)?
4
Let r = 2119 + -666. What is the tens digit of r?
5
Let l = 36027 + -3243. What is the hundreds digit of l?
7
Let g(j) = 12*j - 154. Let y be g(13). Suppose -6*c + 976 = -y*c. What is the units digit of c?
4
Let k = -3854 + 6594. Let h be (k/(-8))/(1 + (-20)/16). What is the units digit of (h/10)/(2 + -1)?
7
Suppose -2*b - 50 = -54, 3*g = 4*b + 93397. What is the hundreds digit of g?
1
Let t = -425 - -315. What is the hundreds digit of t/(-4)*22/30*6?
1
Suppose -3*m - 2*r - 2326 = 0, 0 = -m + 2*m - r + 777. Let i = -526 - m. What is the units digit of i?
0
Suppose -590 + 658 = 4*s. Let l = 137 - 68. Let d = l - s. What is the units digit of d?
2
Suppose 2*g - 13756 = -u, 2*u + u - 2*g - 41284 = 0. What is the hundreds digit of u?
7
Let r(h) = 422*h**2 + 8*h + 4. Suppose -403*j + 22 = -414*j. What is the tens digit of r(j)?
7
Let d = 64 + -114. Let x = 65 + d. Suppose 86 = -14*n + x*n. What is the tens digit of n?
8
Suppose -283259 - 2756341 = -80*l. What is the thousands digit of l?
7
Suppose -11 = -2*c - 3. Suppose -c*r + 582 = 5*q, q + 2*r - 117 = r. Suppose 0 = -4*j + 3*z + 210, -j - 3*z = j - q. What is the units digit of j?
4
Suppose -d - 7*d + 125062 = -d. What is the units digit of d?
6
Let c(m) = -m**2 + 12*m - 27. Let h be c(9). Suppose h*d + 801 = 3*z - 3*d, 5*z - d - 1355 = 0. Suppose -z - 608 = -8*p. What is the tens digit of p?
1
Suppose 3*u - 15 = 3*q, 1 = u - 5*q - 4. Suppose u*b - 711 = 469. What is the tens digit of b?
3
Let x(v) = v**2 - 20*v + 10. Let b be x(20). Suppose -b + 13 = -h. What is the units digit of 80/1 - h - 1?
2
Let y(z) = -298*z + 436. What is the tens digit of y(-20)?
9
What is the tens digit of 57291 + -101 + -5*(-4)/5?
9
What is the thousands digit of (7 - (-4904)/24)*24?
5
Suppose -m + 2305 = -4*k, m = 3*m - 2*k - 4628. Suppose -3*x + 0*x = y - 589, 4*y - x = m. What is the units digit of y?
0
Let s(x) = x - 3. Let y be s(23). Let n(z) = 13*z + 29. What is the hundreds digit of n(y)?
2
Let y = 1 + -8. Let c be (y + (1 - 0))/((-36)/(-144)). Let s = 161 - c. What is the units digit of s?
5
Suppose -2 = w, q - 29 = -0*q - 5*w. Suppose -5*p + 7493 = -m, -35*p + q*p + 2*m = 6000. What is the thousands digit of p?
1
Let s be (40/(-16) - -3)*4. What is the units digit of 425 + 1 + 6/s?
9
Suppose -380*i = -370*i - 36130. What is the tens digit of i?
1
Suppose 4*p + 33 = 5*m - 0, 3*p = 3*m - 21. What is the hundreds digit of 1152/27*(m - -1)?
2
Let x(g) = g**3 - 3*g**2 - 7*g - 7. Let o(z) = -z**2 + 8*z - 10. Let q be o(4). Let m be x(q). Let r = 122 - m. What is the tens digit of r?
6
What is the units digit of 6124 - 19 - (-1 + -5)?
1
Let f(a) = 8*a**2 + 29*a + 2506. What is the tens digit of f(-46)?
0
Let s = 198 - 136. Let g = 62 - s. Suppose -3*f - 3*f + 768 = g. What is the tens digit of f?
2
Let f(u) = -u**2 + u. Let t(z) = 3*z**2 + 45*z + 3. Let y(o) = -2*f(o) - t(o). What is the tens digit of y(-22)?
4
Let h(z) = -316*z**3 + 3*z**2 - 3*z - 4. Let r be h(-1). Let o = r - 157. What is the tens digit of o?
6
Let g(b) = 239*b**2 - 4*b + 77. What is the thousands digit of g(11)?
8
Let r(w) be the first derivative of 91*w**2 + 3*w - 1. Let l be -1 - (-2)/(-1) - (-188)/47. What is the hundreds digit of r(l)?
1
Suppose 0 = -z + 8*z - 14. Suppose -2*p = -4, 4*x + 4*p = z*x + 518. Let q = -94 + x. What is the units digit of q?
1
Suppose 2*k - 109765 = -5*y, 3*y + 27841 = -3*k + 93691. What is the hundreds digit of y?
9
Let v be (-2)/(-12) - (-6 - 298/12). Suppose -34*l + 1101 = -v*l. What is the hundreds digit of l?
3
Let z = -80 - -120. Let y(l) = l**3 - l - 2*l - 15 - 20 + z - 3*l**2. What is the units digit of y(4)?
9
Suppose -3 = -2*d - 9, -4*c + 2*d = -10. Let v(w) = 2 - 9 - c - 15*w. What is the units digit of v(-6)?
2
Let y = 195 + -123. Suppose -3*h = -15, -2*g - 3*g = -2*h - 40. What is the tens digit of y/g*90/12?
5
Let y = -7542 + 13875. What is the units digit of y?
3
Let g(s) = 3*s**2 + 4*s - 3. Let n be g(3). Let y be (-1)/(-4)*1 + 99/n. Suppose 0 = m + y - 8. What is the units digit of m?
5
Let b = -2532 - -2524. Let c(t) = t**3 - 5*t**2 - 5*t - 4. Let j be c(6). What is the tens digit of 32/b - (j - 104)?
9
Let n(d) = -4136*d + 504. What is the units digit of n(-4)?
8
Let f be 1*(-3)/((-12)/(-8)). Let i be (-1 - 0)*16*f. Suppose -2*r + i = 8. What is the tens digit of r?
1
Suppose 5*a - 290 = 95. Suppose -66 + 162 = 3*n. Let p = a - n. What is the units digit of p?
5
Let o(x) be the first derivative of x**3/3 + x**2 - 3*x + 10. Let t be o(1). What is the hundreds digit of (t/(-5 + 2))/(-1) - -143?
1
What is the hundreds digit of (-1022)/2*(2418/(-91) - -26)?
2
Let d be ((-1)/(-2) - 17/6)*3. What is the tens digit of 606*-7*d/294?
0
Suppose 2*v - 6*o = 3*v - 45919, 4*o + 229323 = 5*v. What is the ten thousands digit of v?
4
Suppose -5*k + 235 = -855. Let y be 12 - (-375)/(7 - 10). Let w = k + y. What is the hundreds digit of w?
1
Let w = -42703 + 67364. What is the hundreds digit of w?
6
What is the tens digit of -6*6/(-270) - 79766/(-30)?
5
Suppose 5*x - x = 24, 0 = 2*c + 4*x - 72754. What is the hundreds digit of c?
3
Suppose i - 2*i = -2*j + 4, -4*j = 3*i - 28. Suppose 0 = 3*x + s + 13 - 29, -i*s = -3*x + 11. Suppose x*u + 9 - 29 = 0. What is the units digit of u?
4
Let a(r) = r**3 - 7*r**2 + 8*r + 1. Let j be a(6). Suppose -j*p = -12*p - 12. What is the units digit of 3/(p/296*2)?
7
Suppose -j - 3*j = 5*v - 61, -v = 5*j - 71. Suppose 2*y = -j*y + 5136. What is the units digit of y?
1
Suppose -7*q + 4*q = -762. Suppose -248*m = -q*m + 4620. What is the 